[INFO] cloning repository https://github.com/tolumide-ng/feed-bkd
[INFO] running `Command { std: "git" "-c" "credential.helper=" "-c" "credential.helper=/workspace/cargo-home/bin/git-credential-null" "clone" "--bare" "https://github.com/tolumide-ng/feed-bkd" "/workspace/cache/git-repos/https%3A%2F%2Fgithub.com%2Ftolumide-ng%2Ffeed-bkd", kill_on_drop: false }`
[INFO] [stderr] Cloning into bare repository '/workspace/cache/git-repos/https%3A%2F%2Fgithub.com%2Ftolumide-ng%2Ffeed-bkd'...
[INFO] running `Command { std: "git" "rev-parse" "HEAD", kill_on_drop: false }`
[INFO] [stdout] cab9c6da067f974aa5f7e68ca8c751e0e0c53483
[INFO] building tolumide-ng/feed-bkd against master#ff34b919075f35a1787659e9c448a34b06bab8de for issue-85264
[INFO] running `Command { std: "git" "clone" "/workspace/cache/git-repos/https%3A%2F%2Fgithub.com%2Ftolumide-ng%2Ffeed-bkd" "/workspace/builds/worker-4/source", kill_on_drop: false }`
[INFO] [stderr] Cloning into '/workspace/builds/worker-4/source'...
[INFO] [stderr] done.
[INFO] validating manifest of git repo https://github.com/tolumide-ng/feed-bkd on toolchain ff34b919075f35a1787659e9c448a34b06bab8de
[INFO] running `Command { std: "/workspace/cargo-home/bin/cargo" "+ff34b919075f35a1787659e9c448a34b06bab8de" "metadata" "--manifest-path" "Cargo.toml" "--no-deps", kill_on_drop: false }`
[INFO] started tweaking git repo https://github.com/tolumide-ng/feed-bkd
[INFO] finished tweaking git repo https://github.com/tolumide-ng/feed-bkd
[INFO] tweaked toml for git repo https://github.com/tolumide-ng/feed-bkd written to /workspace/builds/worker-4/source/Cargo.toml
[INFO] crate git repo https://github.com/tolumide-ng/feed-bkd already has a lockfile, it will not be regenerated
[INFO] running `Command { std: "/workspace/cargo-home/bin/cargo" "+ff34b919075f35a1787659e9c448a34b06bab8de" "fetch" "--manifest-path" "Cargo.toml", kill_on_drop: false }`
[INFO] running `Command { std: "docker" "create" "-v" "/var/lib/crater-agent-workspace/builds/worker-4/target:/opt/rustwide/target:rw,Z" "-v" "/var/lib/crater-agent-workspace/builds/worker-4/source:/opt/rustwide/workdir:ro,Z" "-v" "/var/lib/crater-agent-workspace/cargo-home:/opt/rustwide/cargo-home:ro,Z" "-v" "/var/lib/crater-agent-workspace/rustup-home:/opt/rustwide/rustup-home:ro,Z" "-e" "SOURCE_DIR=/opt/rustwide/workdir" "-e" "CARGO_TARGET_DIR=/opt/rustwide/target" "-e" "CARGO_HOME=/opt/rustwide/cargo-home" "-e" "RUSTUP_HOME=/opt/rustwide/rustup-home" "-w" "/opt/rustwide/workdir" "-m" "1610612736" "--user" "0:0" "--network" "none" "ghcr.io/rust-lang/crates-build-env/linux@sha256:20528e8c29e4536546f0102ce88568b16ea7538393a33fcca951030f7af10457" "/opt/rustwide/cargo-home/bin/cargo" "+ff34b919075f35a1787659e9c448a34b06bab8de" "metadata" "--no-deps" "--format-version=1", kill_on_drop: false }`
[INFO] [stdout] a87a3946c53eecfaa9e89c74af9413e837ed7f6a837491a3ffac02f1e4183599
[INFO] [stderr] WARNING: Your kernel does not support swap limit capabilities or the cgroup is not mounted. Memory limited without swap.
[INFO] running `Command { std: "docker" "start" "-a" "a87a3946c53eecfaa9e89c74af9413e837ed7f6a837491a3ffac02f1e4183599", kill_on_drop: false }`
[INFO] running `Command { std: "docker" "inspect" "a87a3946c53eecfaa9e89c74af9413e837ed7f6a837491a3ffac02f1e4183599", kill_on_drop: false }`
[INFO] running `Command { std: "docker" "rm" "-f" "a87a3946c53eecfaa9e89c74af9413e837ed7f6a837491a3ffac02f1e4183599", kill_on_drop: false }`
[INFO] [stdout] a87a3946c53eecfaa9e89c74af9413e837ed7f6a837491a3ffac02f1e4183599
[INFO] running `Command { std: "docker" "create" "-v" "/var/lib/crater-agent-workspace/builds/worker-4/target:/opt/rustwide/target:rw,Z" "-v" "/var/lib/crater-agent-workspace/builds/worker-4/source:/opt/rustwide/workdir:ro,Z" "-v" "/var/lib/crater-agent-workspace/cargo-home:/opt/rustwide/cargo-home:ro,Z" "-v" "/var/lib/crater-agent-workspace/rustup-home:/opt/rustwide/rustup-home:ro,Z" "-e" "SOURCE_DIR=/opt/rustwide/workdir" "-e" "CARGO_TARGET_DIR=/opt/rustwide/target" "-e" "CARGO_INCREMENTAL=0" "-e" "RUST_BACKTRACE=full" "-e" "RUSTFLAGS=--cap-lints=forbid" "-e" "CARGO_HOME=/opt/rustwide/cargo-home" "-e" "RUSTUP_HOME=/opt/rustwide/rustup-home" "-w" "/opt/rustwide/workdir" "-m" "1610612736" "--user" "0:0" "--network" "none" "ghcr.io/rust-lang/crates-build-env/linux@sha256:20528e8c29e4536546f0102ce88568b16ea7538393a33fcca951030f7af10457" "/opt/rustwide/cargo-home/bin/cargo" "+ff34b919075f35a1787659e9c448a34b06bab8de" "build" "--frozen" "--message-format=json", kill_on_drop: false }`
[INFO] [stderr] WARNING: Your kernel does not support swap limit capabilities or the cgroup is not mounted. Memory limited without swap.
[INFO] [stdout] 838beb41c7abc1b9de448c0712167de88d1e4ead122c34998627b5101318b6d6
[INFO] running `Command { std: "docker" "start" "-a" "838beb41c7abc1b9de448c0712167de88d1e4ead122c34998627b5101318b6d6", kill_on_drop: false }`
[INFO] [stderr]    Compiling libc v0.2.86
[INFO] [stderr]    Compiling version_check v0.9.2
[INFO] [stderr]    Compiling typenum v1.12.0
[INFO] [stderr]    Compiling yansi v0.5.0
[INFO] [stderr]    Compiling proc-macro2 v0.4.30
[INFO] [stderr]    Compiling unicode-xid v0.1.0
[INFO] [stderr]    Compiling syn v1.0.60
[INFO] [stderr]    Compiling cfg-if v0.1.10
[INFO] [stderr]    Compiling syn v0.15.44
[INFO] [stderr]    Compiling bitflags v1.2.1
[INFO] [stderr]    Compiling tinyvec_macros v0.1.0
[INFO] [stderr]    Compiling getrandom v0.1.16
[INFO] [stderr]    Compiling opaque-debug v0.2.3
[INFO] [stderr]    Compiling subtle v2.4.0
[INFO] [stderr]    Compiling byte-tools v0.3.1
[INFO] [stderr]    Compiling subtle v1.0.0
[INFO] [stderr]    Compiling percent-encoding v2.1.0
[INFO] [stderr]    Compiling ppv-lite86 v0.2.10
[INFO] [stderr]    Compiling httparse v1.3.5
[INFO] [stderr]    Compiling safemem v0.3.3
[INFO] [stderr]    Compiling base64 v0.12.3
[INFO] [stderr]    Compiling hashbrown v0.9.1
[INFO] [stderr]    Compiling once_cell v1.7.0
[INFO] [stderr]    Compiling pq-sys v0.4.6
[INFO] [stderr]    Compiling lazycell v1.3.0
[INFO] [stderr]    Compiling lazy_static v1.4.0
[INFO] [stderr]    Compiling validator_types v0.12.0
[INFO] [stderr]    Compiling indexmap v1.6.1
[INFO] [stderr]    Compiling instant v0.1.9
[INFO] [stderr]    Compiling num-traits v0.2.14
[INFO] [stderr]    Compiling num-integer v0.1.44
[INFO] [stderr]    Compiling block-padding v0.1.5
[INFO] [stderr]    Compiling tinyvec v1.1.1
[INFO] [stderr]    Compiling lock_api v0.4.2
[INFO] [stderr]    Compiling base64 v0.9.3
[INFO] [stderr]    Compiling form_urlencoded v1.0.1
[INFO] [stderr]    Compiling thread_local v1.1.3
[INFO] [stderr]    Compiling log v0.3.9
[INFO] [stderr]    Compiling pear_codegen v0.1.4
[INFO] [stderr]    Compiling proc-macro-error-attr v1.0.4
[INFO] [stderr]    Compiling proc-macro-error v1.0.4
[INFO] [stderr]    Compiling rocket_codegen v0.4.7
[INFO] [stderr]    Compiling rocket v0.4.7
[INFO] [stderr]    Compiling rocket_contrib_codegen v0.4.7
[INFO] [stderr]    Compiling unicode-normalization v0.1.17
[INFO] [stderr]    Compiling regex v1.4.3
[INFO] [stderr]    Compiling quote v0.6.13
[INFO] [stderr]    Compiling mime v0.2.6
[INFO] [stderr]    Compiling time v0.1.44
[INFO] [stderr]    Compiling num_cpus v1.13.0
[INFO] [stderr]    Compiling parking_lot_core v0.8.3
[INFO] [stderr]    Compiling net2 v0.2.37
[INFO] [stderr]    Compiling iovec v0.1.4
[INFO] [stderr]    Compiling inotify-sys v0.1.5
[INFO] [stderr]    Compiling filetime v0.2.14
[INFO] [stderr]    Compiling atty v0.2.14
[INFO] [stderr]    Compiling rand_core v0.5.1
[INFO] [stderr]    Compiling inotify v0.7.1
[INFO] [stderr]    Compiling parking_lot v0.11.1
[INFO] [stderr]    Compiling generic-array v0.12.3
[INFO] [stderr]    Compiling mio v0.6.23
[INFO] [stderr]    Compiling rand_chacha v0.2.2
[INFO] [stderr]    Compiling idna v0.1.5
[INFO] [stderr]    Compiling idna v0.2.2
[INFO] [stderr]    Compiling scheduled-thread-pool v0.2.5
[INFO] [stderr]    Compiling rand v0.7.3
[INFO] [stderr]    Compiling universal-hash v0.3.0
[INFO] [stderr]    Compiling block-cipher-trait v0.6.2
[INFO] [stderr]    Compiling digest v0.8.1
[INFO] [stderr]    Compiling crypto-mac v0.7.0
[INFO] [stderr]    Compiling block-buffer v0.7.3
[INFO] [stderr]    Compiling aead v0.2.0
[INFO] [stderr]    Compiling r2d2 v0.8.9
[INFO] [stderr]    Compiling chrono v0.4.19
[INFO] [stderr]    Compiling aes-soft v0.3.3
[INFO] [stderr]    Compiling polyval v0.3.3
[INFO] [stderr]    Compiling hmac v0.7.1
[INFO] [stderr]    Compiling sha2 v0.8.2
[INFO] [stderr]    Compiling url v1.7.2
[INFO] [stderr]    Compiling ghash v0.2.3
[INFO] [stderr]    Compiling aes v0.3.2
[INFO] [stderr]    Compiling hkdf v0.8.0
[INFO] [stderr]    Compiling mio-extras v2.0.6
[INFO] [stderr]    Compiling aes-gcm v0.5.0
[INFO] [stderr]    Compiling url v2.2.1
[INFO] [stderr]    Compiling hyper v0.10.16
[INFO] [stderr]    Compiling notify v4.0.15
[INFO] [stderr]    Compiling cookie v0.11.3
[INFO] [stderr]    Compiling devise_core v0.2.0
[INFO] [stderr]    Compiling serde_derive v1.0.123
[INFO] [stderr]    Compiling diesel_derives v1.4.1
[INFO] [stderr]    Compiling validator_derive v0.12.0
[INFO] [stderr]    Compiling devise_codegen v0.2.0
[INFO] [stderr]    Compiling devise v0.2.0
[INFO] [stderr]    Compiling pear v0.1.4
[INFO] [stderr]    Compiling rocket_http v0.4.7
[INFO] [stderr]    Compiling diesel v1.4.6
[INFO] [stderr]    Compiling serde v1.0.123
[INFO] [stderr]    Compiling serde_json v1.0.64
[INFO] [stderr]    Compiling toml v0.4.10
[INFO] [stderr]    Compiling validator v0.12.0
[INFO] [stderr]    Compiling rocket_contrib v0.4.7
[INFO] [stderr]    Compiling monoli v0.1.0 (/opt/rustwide/workdir)
[INFO] [stdout] error[E0432]: unresolved import `crate::controllers::post::NewCreatePost`
[INFO] [stdout]  --> src/routes/post.rs:2:40
[INFO] [stdout]   |
[INFO] [stdout] 2 |     controllers::post::{self as posts, NewCreatePost},
[INFO] [stdout]   |                                        ^^^^^^^^^^^^^ no `NewCreatePost` in `controllers::post`
[INFO] [stdout] 
[INFO] [stdout] 
[INFO] [stdout] error[E0412]: cannot find type `Json` in this scope
[INFO] [stdout]   --> src/controllers/post.rs:21:34
[INFO] [stdout]    |
[INFO] [stdout] 21 | pub fn create_post<'a>(new_post: Json<NewCreatePost>) -> Result<JsonValue, Errors> {
[INFO] [stdout]    |                                  ^^^^ not found in this scope
[INFO] [stdout]    |
[INFO] [stdout] help: consider importing one of these items
[INFO] [stdout]    |
[INFO] [stdout] 1  | use crate::schema::posts::Json;
[INFO] [stdout]    |
[INFO] [stdout] 1  | use crate::validators::posts::Json;
[INFO] [stdout]    |
[INFO] [stdout] 1  | use diesel::pg::types::sql_types::Json;
[INFO] [stdout]    |
[INFO] [stdout] 1  | use diesel::types::Json;
[INFO] [stdout]    |
[INFO] [stdout]      and 2 other candidates
[INFO] [stdout] 
[INFO] [stdout] 
[INFO] [stdout] error[E0412]: cannot find type `NewCreatePost` in this scope
[INFO] [stdout]   --> src/controllers/post.rs:21:39
[INFO] [stdout]    |
[INFO] [stdout] 21 | pub fn create_post<'a>(new_post: Json<NewCreatePost>) -> Result<JsonValue, Errors> {
[INFO] [stdout]    |                                       ^^^^^^^^^^^^^ not found in this scope
[INFO] [stdout]    |
[INFO] [stdout] help: consider importing this struct
[INFO] [stdout]    |
[INFO] [stdout] 1  | use crate::validators::posts::NewCreatePost;
[INFO] [stdout]    |
[INFO] [stdout] 
[INFO] [stdout] 
[INFO] [stdout] error[E0412]: cannot find type `JsonValue` in this scope
[INFO] [stdout]   --> src/controllers/post.rs:21:65
[INFO] [stdout]    |
[INFO] [stdout] 21 | pub fn create_post<'a>(new_post: Json<NewCreatePost>) -> Result<JsonValue, Errors> {
[INFO] [stdout]    |                                                                 ^^^^^^^^^ not found in this scope
[INFO] [stdout]    |
[INFO] [stdout] help: consider importing one of these items
[INFO] [stdout]    |
[INFO] [stdout] 1  | use crate::validators::posts::JsonValue;
[INFO] [stdout]    |
[INFO] [stdout] 1  | use rocket_contrib::json::JsonValue;
[INFO] [stdout]    |
[INFO] [stdout] 
[INFO] [stdout] 
[INFO] [stdout] error[E0425]: cannot find value `conn` in this scope
[INFO] [stdout]   --> src/controllers/post.rs:43:29
[INFO] [stdout]    |
[INFO] [stdout] 43 |         .get_result::<Post>(conn)
[INFO] [stdout]    |                             ^^^^ not found in this scope
[INFO] [stdout] 
[INFO] [stdout] 
[INFO] [stdout] warning: unused `#[macro_use]` import
[INFO] [stdout]  --> src/lib.rs:9:1
[INFO] [stdout]   |
[INFO] [stdout] 9 | #[macro_use]
[INFO] [stdout]   | ^^^^^^^^^^^^
[INFO] [stdout]   |
[INFO] [stdout]   = note: `#[warn(unused_imports)]` on by default
[INFO] [stdout] 
[INFO] [stdout] 
[INFO] [stdout] warning: unused `#[macro_use]` import
[INFO] [stdout]   --> src/lib.rs:15:1
[INFO] [stdout]    |
[INFO] [stdout] 15 | #[macro_use]
[INFO] [stdout]    | ^^^^^^^^^^^^
[INFO] [stdout] 
[INFO] [stdout] 
[INFO] [stdout] warning: unused import: `crate::db`
[INFO] [stdout]  --> src/controllers/post.rs:1:5
[INFO] [stdout]   |
[INFO] [stdout] 1 | use crate::db;
[INFO] [stdout]   |     ^^^^^^^^^
[INFO] [stdout] 
[INFO] [stdout] 
[INFO] [stdout] warning: unused import: `FieldErrorCode`
[INFO] [stdout]  --> src/controllers/post.rs:3:46
[INFO] [stdout]   |
[INFO] [stdout] 3 | use crate::errors::field_validator::{Errors, FieldErrorCode, FieldValidator};
[INFO] [stdout]   |                                              ^^^^^^^^^^^^^^
[INFO] [stdout] 
[INFO] [stdout] 
[INFO] [stdout] warning: unused import: `diesel::pg::PgConnection`
[INFO] [stdout]  --> src/controllers/post.rs:6:5
[INFO] [stdout]   |
[INFO] [stdout] 6 | use diesel::pg::PgConnection;
[INFO] [stdout]   |     ^^^^^^^^^^^^^^^^^^^^^^^^
[INFO] [stdout] 
[INFO] [stdout] 
[INFO] [stdout] warning: unused import: `crate::config::setup::DATE_FORMAT`
[INFO] [stdout]  --> src/models/posts.rs:2:5
[INFO] [stdout]   |
[INFO] [stdout] 2 | use crate::config::setup::DATE_FORMAT;
[INFO] [stdout]   |     ^^^^^^^^^^^^^^^^^^^^^^^^^^^^^^^^^
[INFO] [stdout] 
[INFO] [stdout] 
[INFO] [stdout] warning: unused import: `self as posts`
[INFO] [stdout]  --> src/routes/post.rs:2:25
[INFO] [stdout]   |
[INFO] [stdout] 2 |     controllers::post::{self as posts, NewCreatePost},
[INFO] [stdout]   |                         ^^^^^^^^^^^^^
[INFO] [stdout] 
[INFO] [stdout] 
[INFO] [stdout] warning: unused import: `self`
[INFO] [stdout]  --> src/routes/post.rs:6:28
[INFO] [stdout]   |
[INFO] [stdout] 6 | use rocket_contrib::json::{self, Json, JsonValue};
[INFO] [stdout]   |                            ^^^^
[INFO] [stdout] 
[INFO] [stdout] 
[INFO] [stdout] warning: unused import: `rocket::http::RawStr`
[INFO] [stdout]   --> src/validators/basics.rs:13:5
[INFO] [stdout]    |
[INFO] [stdout] 13 | use rocket::http::RawStr;
[INFO] [stdout]    |     ^^^^^^^^^^^^^^^^^^^^
[INFO] [stdout] 
[INFO] [stdout] 
[INFO] [stdout] warning: unused import: `rocket::request::FromFormValue`
[INFO] [stdout]   --> src/validators/basics.rs:14:5
[INFO] [stdout]    |
[INFO] [stdout] 14 | use rocket::request::FromFormValue;
[INFO] [stdout]    |     ^^^^^^^^^^^^^^^^^^^^^^^^^^^^^^
[INFO] [stdout] 
[INFO] [stdout] 
[INFO] [stdout] warning: unused imports: `Errors`, `FieldErrorCode`
[INFO] [stdout]  --> src/validators/posts.rs:1:38
[INFO] [stdout]   |
[INFO] [stdout] 1 | use crate::errors::field_validator::{Errors, FieldErrorCode, FieldValidator};
[INFO] [stdout]   |                                      ^^^^^^  ^^^^^^^^^^^^^^
[INFO] [stdout] 
[INFO] [stdout] 
[INFO] [stdout] warning: unused import: `JsonValue`
[INFO] [stdout]  --> src/validators/posts.rs:2:34
[INFO] [stdout]   |
[INFO] [stdout] 2 | use rocket_contrib::json::{Json, JsonValue};
[INFO] [stdout]   |                                  ^^^^^^^^^
[INFO] [stdout] 
[INFO] [stdout] 
[INFO] [stdout] warning: unused import: `diesel::pg::PgConnection`
[INFO] [stdout]   --> src/lib.rs:28:5
[INFO] [stdout]    |
[INFO] [stdout] 28 | use diesel::pg::PgConnection;
[INFO] [stdout]    |     ^^^^^^^^^^^^^^^^^^^^^^^^
[INFO] [stdout] 
[INFO] [stdout] 
[INFO] [stdout] warning: unused import: `diesel::prelude::*`
[INFO] [stdout]   --> src/lib.rs:29:5
[INFO] [stdout]    |
[INFO] [stdout] 29 | use diesel::prelude::*;
[INFO] [stdout]    |     ^^^^^^^^^^^^^^^^^^
[INFO] [stdout] 
[INFO] [stdout] 
[INFO] [stdout] warning: unused import: `routes::auth`
[INFO] [stdout]   --> src/lib.rs:31:5
[INFO] [stdout]    |
[INFO] [stdout] 31 | use routes::auth;
[INFO] [stdout]    |     ^^^^^^^^^^^^
[INFO] [stdout] 
[INFO] [stdout] 
[INFO] [stdout] warning: unused import: `std::env`
[INFO] [stdout]   --> src/lib.rs:33:5
[INFO] [stdout]    |
[INFO] [stdout] 33 | use std::env;
[INFO] [stdout]    |     ^^^^^^^^
[INFO] [stdout] 
[INFO] [stdout] 
[INFO] [stdout] error[E0277]: the trait bound `DateTime<Utc>: Queryable<diesel::sql_types::Timestamptz, Pg>` is not satisfied
[INFO] [stdout]   --> src/controllers/post.rs:43:10
[INFO] [stdout]    |
[INFO] [stdout] 43 |         .get_result::<Post>(conn)
[INFO] [stdout]    |          ^^^^^^^^^^ the trait `Queryable<diesel::sql_types::Timestamptz, Pg>` is not implemented for `DateTime<Utc>`
[INFO] [stdout]    |
[INFO] [stdout]    = note: required because of the requirements on the impl of `Queryable<(diesel::sql_types::Integer, diesel::sql_types::Text, diesel::sql_types::Text, diesel::sql_types::Bool, diesel::sql_types::Text, diesel::sql_types::Text, diesel::sql_types::Timestamptz, diesel::sql_types::Timestamptz), Pg>` for `(i32, std::string::String, std::string::String, bool, std::string::String, std::string::String, DateTime<Utc>, DateTime<Utc>)`
[INFO] [stdout]    = note: 1 redundant requirements hidden
[INFO] [stdout]    = note: required because of the requirements on the impl of `Queryable<(diesel::sql_types::Integer, diesel::sql_types::Text, diesel::sql_types::Text, diesel::sql_types::Bool, diesel::sql_types::Text, diesel::sql_types::Text, diesel::sql_types::Timestamptz, diesel::sql_types::Timestamptz), Pg>` for `models::posts::Post`
[INFO] [stdout]    = note: required because of the requirements on the impl of `LoadQuery<_, models::posts::Post>` for `InsertStatement<table, ValuesClause<(ColumnInsertValue<columns::title, diesel::expression::bound::Bound<diesel::sql_types::Text, &&str>>, ColumnInsertValue<columns::body, diesel::expression::bound::Bound<diesel::sql_types::Text, &&str>>, ColumnInsertValue<columns::description, diesel::expression::bound::Bound<diesel::sql_types::Text, &&str>>), table>>`
[INFO] [stdout] 
[INFO] [stdout] 
[INFO] [stdout] error[E0308]: mismatched types
[INFO] [stdout]   --> src/routes/post.rs:20:6
[INFO] [stdout]    |
[INFO] [stdout] 17 | pub fn create_post(
[INFO] [stdout]    |        ----------- implicitly returns `()` as its body has no tail or `return` expression
[INFO] [stdout] ...
[INFO] [stdout] 20 | ) -> Result<JsonValue, Errors> {
[INFO] [stdout]    |      ^^^^^^^^^^^^^^^^^^^^^^^^^ expected enum `Result`, found `()`
[INFO] [stdout]    |
[INFO] [stdout]    = note:   expected enum `Result<JsonValue, Errors>`
[INFO] [stdout]            found unit type `()`
[INFO] [stdout] 
[INFO] [stdout] 
[INFO] [stdout] error: aborting due to 7 previous errors; 16 warnings emitted
[INFO] [stdout] 
[INFO] [stdout] 
[INFO] [stdout] Some errors have detailed explanations: E0277, E0308, E0412, E0425, E0432.
[INFO] [stdout] 
[INFO] [stdout] For more information about an error, try `rustc --explain E0277`.
[INFO] [stdout] 
[INFO] [stderr] error: could not compile `monoli`
[INFO] [stderr] 
[INFO] [stderr] To learn more, run the command again with --verbose.
[INFO] running `Command { std: "docker" "inspect" "838beb41c7abc1b9de448c0712167de88d1e4ead122c34998627b5101318b6d6", kill_on_drop: false }`
[INFO] running `Command { std: "docker" "rm" "-f" "838beb41c7abc1b9de448c0712167de88d1e4ead122c34998627b5101318b6d6", kill_on_drop: false }`
[INFO] [stdout] 838beb41c7abc1b9de448c0712167de88d1e4ead122c34998627b5101318b6d6
